*s - 4. What is the remainder when d(8) is divided by x?
12
Suppose 0 = 1767*p - 1776*p + 126. What is the remainder when 123 is divided by p?
11
Suppose -87*i + 2471 + 755 = -254. Calculate the remainder when 2156 is divided by i.
36
Let n(c) = -25*c - 2. Suppose 91*p = 8039 - 5582. What is the remainder when n(-2) is divided by p?
21
Let t be (-425)/(-4) - (-1)/(-4). Let v = t + -16. What is the remainder when v is divided by 4/(-24) + 193/6?
26
Suppose 2*o + 4*f - 894 = 0, -3*f - 1618 - 669 = -5*o. Suppose -o = -6*x + 13*x. Let i = -54 - x. Calculate the remainder when i is divided by 4.
3
Let u(j) = -j**3 + 24*j**2 - 164*j + 422. Let c(h) = -8*h - 2. What is the remainder when u(13) is divided by c(-5)?
35
Let l(h) = -3*h**2 + 177*h - 113. What is the remainder when 598 is divided by l(58)?
49
Suppose 18*u + 758 = 59*u - 267. What is the remainder when 256 is divided by u?
6
Let z(x) = -4*x - 10. Suppose 4*j + 0*j + 32 = 0. Let a be 0 + j - (14 - 12). What is the remainder when 116 is divided by z(a)?
26
Suppose 0 = 15*p - 5 - 295. Let t = p - 12. Calculate the remainder when 37 is divided by t.
5
Suppose 0 = -5*p + 4*c - 857, -3*p + 0*p - 5*c - 492 = 0. Let z = p - -507. Calculate the remainder when z is divided by 17.
15
Suppose -5*o - w + 10 = 0, -4*w + 30 = 5*o + 5. Suppose 0 = 5*g + o - 31. Let x = 32 + g. Calculate the remainder when x is divided by 13.
12
Let q = 16 - 1. What is the remainder when 21*49/(49/7) is divided by q?
12
Suppose -5*i = -5, 2*i = 5*j - 13754 - 247109. Calculate the remainder when (-2)/(-16) + j/408 is divided by 19.
14
Let o(u) = -u**3 + 31*u**2 + 267*u - 17. What is the remainder when o(-9) is divided by 243?
91
Let j(o) = 3*o**2 + 9. Let s = -146 + 146. What is the remainder when 49 is divided by j(s)?
4
Suppose 5*z - 33011 = -4*j, 0 = -3*j - 3*z + 33522 - 8766. What is the remainder when j is divided by 125?
124
Let f = 2709 - 2459. What is the remainder when f is divided by 7?
5
Suppose 40820 = 276*p - 16*p. What is the remainder when 5963 is divided by p?
154
Calculate the remainder when 1680 is divided by ((-325)/10 - -28)/((-2)/4).
6
Suppose 0 = 18*v + 2714 - 22100. Calculate the remainder when v is divided by 36.
33
Suppose -61*d - 554 + 7203 = 0. What is the remainder when d is divided by 34?
7
Let k(l) = l**3 + 11*l**2 + 10*l + 3. Let h be k(-10). What is the remainder when (-720)/(-16)*2/h is divided by 22?
8
Let l(n) = -n**2 + n + 169. Let r = 5583 - 5539. What is the remainder when l(0) is divided by r?
37
Let a(q) = 5*q - 3. Let g be a(1). Suppose -g*s + 16 = 4*b - 6, b + 14 = s. Calculate the remainder when 739 is divided by s.
11
Suppose -2*b - 492 = -852. Calculate the remainder when 446 is divided by b/(-120)*32/(-3).
14
Suppose -2*r = -5*w - 259, 7*r - 951 = w + 71. What is the remainder when 995 is divided by r?
113
Let j be -1 - 0 - (-32*21)/12. Let m = j + -22. Calculate the remainder when 162 is divided by m.
30
Let n(y) = y + 6. Let a be 824/(-120) - -7 - 2704/30. What is the remainder when ((12/9)/(-1))/(10/a) is divided by n(-4)?
0
Suppose 38*q = -290 - 14. Let y(r) = r**2 + 3*r + 7. What is the remainder when 139 is divided by y(q)?
45
Let t = -2066 - -2418. What is the remainder when t is divided by 128?
96
Suppose -114 = 4*g - 410. Let w = 11 + -18. What is the remainder when g is divided by 150/4 + w/(-14)?
36
Suppose 2689 = 34*k - 1685 - 2018. What is the remainder when 773 is divided by k?
21
Let g(u) = -u**2 + 13*u + 1225. Calculate the remainder when 1292 is divided by g(-29).
4
Suppose -5*f = -3*w - 0*f + 1721, -w + 581 = 2*f. Let r = w + -565. Calculate the remainder when 59 is divided by r.
11
Suppose 53*m = 22*m + 24*m + 133. Suppose 4*k = -2*p + 402, k = 5*p + 464 - 1469. What is the remainder when p is divided by m?
11
Let h be 18*(0/2 + 4). Suppose -2*l + 2*o - 7 + 57 = 0, -3*l + 2*o = -h. What is the remainder when 15 is divided by 92/l + 40/(-220)?
3
Let o = -20176 + 20361. Calculate the remainder when 431 is divided by o.
61
Suppose -2*q = 4*g - 16, -g + 4*q - 23 = -6*g. Calculate the remainder when 223 is divided by ((-4)/(-8))/(3*g/1350).
73
Let v be (-10)/(-35) - (-166)/7. Suppose -34 = g - 2*c, -3*g = -2*c + v + 82. Let o = g - -67. Calculate the remainder when o is divided by 14.
3
Suppose 74 + 306 = 5*b. Suppose 2*r + 19 = 3*v, 11*v + r - 47 = -3*r. Calculate the remainder when (-1)/16*-4*b is divided by v.
4
Let h(z) = z**3 + 15*z**2 + 54*z + 622. What is the remainder when h(-11) is divided by 14?
8
What is the remainder when 0/(-4 - -1) + (-17505)/(-15) is divided by 117?
114
Let w be ((-1)/2)/(3/1404). Let k = 442 + w. What is the remainder when k is divided by 42?
40
Suppose -s - 48 = -3*s - 5*m, -4*m = 5*s - 103. What is the remainder when (-2820)/80*(-8)/3 is divided by s?
18
Suppose 42*q - 10921 + 7057 = 0. What is the remainder when 267 is divided by q?
83
Calculate the remainder when 3800/24 - (-16)/(-48) is divided by 80.
78
Let r(y) = 3*y**2 + 16*y - 144. Calculate the remainder when 303 is divided by r(6).
3
Suppose -141*v = -61*v - 67*v - 2574. What is the remainder when 1160 is divided by v?
170
Let i = 89 + -96. Calculate the remainder when 48 - (-12)/(i - -4) is divided by (-4)/(-4 - 0) + 0 + 22.
21
Let p(b) = -2*b**2 + 3*b + 7. Let v be p(4). Let h(i) = -3*i - 36. Calculate the remainder when 62 is divided by h(v).
2
Let g = 10238 + -8226. What is the remainder when g is divided by 1001?
10
Suppose -165*i + 1863 = -3087. Let s(z) = -25*z - 7. Calculate the remainder when s(-5) is divided by i.
28
Suppose 0 = 550*m - 264543 - 133657. What is the remainder when m is divided by 66?
64
Suppose 183*s = 726*s - 15747. What is the remainder when 926 is divided by s?
27
Let d = 801 - -133. What is the remainder when d is divided by 263?
145
Suppose h - 4*l - 180 = 0, -17*h = -23*h - 3*l + 999. Calculate the remainder when 1157 is divided by h.
149
Suppose -y = -f + 25, 4*y = -5*f + 2*y + 125. Let u = -33 + 33. Suppose u = -2*h + 7 + 19. Calculate the remainder when f is divided by h.
12
Suppose 571 = 2*w + o - 329, 5*o - 2255 = -5*w. Let j = 545 - w. Calculate the remainder when j is divided by 46.
4
Let g(o) = o**3 - 3*o**2 - 10*o + 11. Suppose 0 = 5*m - 4*m - 1, -3*m - 69 = l. Let q = l + 78. Calculate the remainder when g(q) is divided by 21.
17
What is the remainder when (1981/(-566))/((-1)/2648) is divided by 61?
57
Suppose -4103 = -94*x - 390*x + 37037. Let d(m) = 4*m**2 + m - 3. What is the remainder when x is divided by d(-3)?
25
Suppose -4*s + 18*s - 1778 = 0. Calculate the remainder when s is divided by 54.
19
Let f = 4370 + -4287. What is the remainder when f is divided by 40?
3
Let z(w) = -6*w**3 + w**2. Let p be z(-1). Let m(j) = -j**2 + 8*j - 3. Let h be m(p). Suppose 142 = -h*v + 530. Calculate the remainder when v is divided by 20.
17
Let m be 129*(0 - (1 + -2)). Suppose 540 = 4*k - 5*o, -23*o + 24*o = 4. Suppose -m*w + 127*w = -k. Calculate the remainder when w is divided by 18.
16
Let m be 27/(-2)*((-492)/36 + 13). Suppose 0 = 3*l + m*l - 192. Calculate the remainder when 396 is divided by l.
12
Suppose 31*v - 229*v - 22 = -2200. What is the remainder when 3087 is divided by v?
7
Let c = 52 + -2. Suppose 17989 = 106*r - 2787. Calculate the remainder when r is divided by c.
46
Let s = 12772 + -12324. Calculate the remainder when s is divided by 19.
11
Let f(d) = 6*d**2 + 28*d + 124. Let p be f(-7). Calculate the remainder when 480 is divided by (p/12)/((-1)/(-2)).
36
Let i(n) = n**2 + 2*n + 7. Suppose -3*p = x - 2*x - 5, -x - 6 = -4*p. Let j be i(x). Calculate the remainder when 117 is divided by 4 + j/((-14)/(-52)).
27
Let r(g) = -2*g**2 - 7*g + 34*g + 0 + 15 - 9. Suppose -14*k = -17*k + 24. Calculate the remainder when r(k) is divided by 32.
30
Let d(g) = 2*g**2 + 6*g + 24. Let q be d(-5). Suppose 3*r + r = q. Suppose 5*z = 4*w + 4, w + 28 = 5*z + 12. Calculate the remainder when r is divided by w.
3
Suppose 6*a = 8*a - 100. Suppose -27*p + a = -220. Calculate the remainder when 73 is divided by p.
3
Let y(x) = x**3 - 28*x**2 - 137*x + 32. Calculate the remainder when y(33) is divided by 23.
13
Calculate the remainder when 279 is divided by (-400)/(-160) + 27/2.
7
Let f(j) = j**3 + 16*j**2 + 52*j + 28. Let o(h) = -h**3 - 14*h